2
Calculate the highest common factor of 24557 and 571.
1
Calculate the highest common divisor of 1524120 and 39000.
1560
Calculate the greatest common divisor of 136842 and 1170.
6
What is the greatest common factor of 342016955 and 1085?
1085
What is the highest common divisor of 6065 and 1180?
5
Calculate the highest common divisor of 8748 and 1179954.
54
What is the greatest common divisor of 2091417 and 970?
97
Calculate the highest common divisor of 20461 and 1662871.
553
Calculate the highest common factor of 67375924 and 161.
161
What is the highest common factor of 30464 and 3566906?
238
What is the greatest common divisor of 19265895 and 1815?
165
Calculate the highest common divisor of 1183 and 2495462788.
1183
What is the highest common factor of 353324 and 19209?
19
What is the greatest common factor of 264180 and 46442130?
3570
Calculate the highest common factor of 400 and 17625136.
16
Calculate the greatest common factor of 2440 and 24093780.
1220
What is the highest common factor of 25670414 and 98?
98
Calculate the greatest common divisor of 500 and 815960.
20
What is the greatest common factor of 3645 and 1729170?
45
Calculate the highest common divisor of 76 and 75566.
2
Calculate the highest common factor of 5401 and 779119.
11
What is the highest common factor of 69296 and 149816?
488
What is the highest common divisor of 27719513 and 149?
149
What is the greatest common divisor of 2057784098 and 1402?
1402
What is the greatest common factor of 16576 and 745724?
28
What is the highest common divisor of 80 and 1606441760?
80
What is the highest common divisor of 811281 and 1161?
129
Calculate the highest common factor of 35 and 155629740.
35
What is the greatest common factor of 512858 and 44998?
298
Calculate the greatest common divisor of 3428153 and 4976.
311
Calculate the greatest common factor of 58425805 and 7430.
3715
Calculate the greatest common divisor of 17775 and 1154111.
79
Calculate the highest common divisor of 18283 and 2741322.
47
What is the highest common divisor of 1161096 and 3636?
1212
Calculate the greatest common divisor of 40614990 and 4014.
1338
Calculate the greatest common factor of 3552 and 10946.
2
What is the greatest common divisor of 232 and 14691748?
116
Calculate the greatest common divisor of 1373580 and 4914.
234
Calculate the greatest common divisor of 271537265 and 95.
95
Calculate the greatest common factor of 105451109 and 2591.
2591
Calculate the greatest common factor of 212800 and 109450.
50
Calculate the highest common factor of 283 and 116845323.
283
Calculate the highest common factor of 17053969 and 3728.
233
Calculate the highest common divisor of 210252 and 42252.
84
What is the greatest common factor of 1577328 and 28152?
408
What is the highest common factor of 642 and 14426703?
321
Calculate the highest common factor of 560 and 22034110.
70
Calculate the highest common divisor of 730835238 and 6894.
2298
Calculate the greatest common factor of 18263 and 32620327.
2609
Calculate the highest common divisor of 54460 and 889.
7
Calculate the greatest common factor of 23408 and 76570032.
1232
Calculate the highest common divisor of 2000 and 25424120.
40
Calculate the greatest common factor of 410430822 and 18.
6
What is the greatest common factor of 76306184 and 79812?
2956
Calculate the greatest common divisor of 10976 and 2405116.
1372
What is the highest common factor of 540 and 15216?
12
Calculate the highest common divisor of 37019775 and 9030.
645
What is the highest common factor of 5757 and 14722467?
303
What is the greatest common divisor of 5547136 and 6396?
164
What is the highest common divisor of 3255 and 65542029?
651
Calculate the greatest common divisor of 172974 and 36774.
1362
What is the greatest common factor of 215312 and 9296?
16
Calculate the greatest common factor of 7421 and 78433.
41
Calculate the highest common divisor of 357267 and 1515.
3
What is the highest common factor of 125407220 and 40?
20
What is the highest common factor of 32 and 557965792?
32
What is the greatest common factor of 498 and 713532?
6
What is the highest common factor of 124881399 and 27?
27
What is the highest common factor of 2025271 and 17?
1
What is the highest common divisor of 296427780 and 13860?
1980
What is the highest common factor of 6072 and 4873815?
69
What is the highest common factor of 233148 and 768?
12
What is the highest common divisor of 15064689 and 15735?
3147
Calculate the greatest common factor of 17 and 1274629927.
17
What is the highest common factor of 14883 and 123420?
363
What is the greatest common divisor of 9989 and 372225?
7
What is the greatest common divisor of 8288 and 129388?
28
Calculate the highest common factor of 115608 and 26760.
24
What is the highest common divisor of 836 and 8774029?
209
Calculate the greatest common divisor of 45807750 and 50.
50
Calculate the greatest common divisor of 690 and 60578550.
690
What is the highest common factor of 132519465 and 15?
15
What is the greatest common divisor of 705 and 2201635?
5
Calculate the highest common divisor of 2299 and 3945141.
19
What is the greatest common divisor of 1082590 and 4526?
146
What is the highest common factor of 97732 and 26924?
212
What is the greatest common divisor of 360580 and 11374?
242
What is the highest common factor of 165605990 and 2?
2
What is the highest common factor of 25916408 and 4393?
191
What is the greatest common factor of 391 and 175151?
17
Calculate the highest common factor of 1896 and 4717128.
24
Calculate the greatest common factor of 1240 and 27048740.
620
What is the greatest common divisor of 1851630 and 160050?
330
Calculate the highest common factor of 3765041 and 2975.
119
What is the highest common factor of 2212 and 26833219?
553
Calculate the greatest common factor of 10038 and 1926456.
42
Calculate the highest common factor of 283912 and 80224.
184
Calculate the greatest common divisor of 243815 and 4838015.
2015
What is the greatest common factor of 115802130 and 128782?
6778
Calculate the highest common factor of 12971 and 150031.
7
What is the highest common factor of 69 and 17245699?
23
Calculate the highest common divisor of 38665 and 431585.
1045
Calculate the highest common divisor of 41243853 and 1173.
1173
What is the highest common factor of 79458 and 16446?
6
Calculate the greatest common divisor of 3757 and 1614354.
289
What is the greatest common divisor of 3536 and 257210?
34
Calculate the highest common divisor of 380630 and 409360.
170
Calculate the greatest common factor of 1962 and 2219472.
18
What is the greatest common factor of 5977386 and 144?
18
What is the highest common factor of 153336 and 10416?
24
What is the highest common divisor of 11310288 and 17050?
682
What is the highest common factor of 69 and 10204594?
23
What is the greatest common factor of 712 and 14317964?
356
Calculate the greatest common factor of 85408 and 304423.
157
Calculate the highest common factor of 1008 and 11920464.
144
What is the greatest common divisor of 180279 and 1441?
11
What is the highest common divisor of 39477160 and 3200?
40
What is the greatest common factor of 239136 and 5618?
106
What is the greatest common factor of 40548 and 4997868?
1308
Calculate the greatest common factor of 1354422 and 36.
6
What is the highest common divisor of 115830 and 27040?
130
What is the highest common divisor of 84486 and 9978?
6
Calculate the highest common factor of 4075 and 1105955.
815
What is the highest common factor of 9806532 and 144?
12
Calculate the greatest common factor of 948788 and 6948.
772
Calculate the highest common factor of 4271694 and 3.
3
Calculate the highest common factor of 13974968 and 11410.
2282
Calculate the greatest common divisor of 413633745 and 5163.
5163
Calculate the greatest common factor of 66 and 2799962.
22
What is the greatest common divisor of 533110 and 87880?
10
What is the highest common factor of 131020 and 250?
10
What is the highest common factor of 14613 and 297803198?
4871
Calculate the highest common factor of 2163047832 and 6633.
6633
What is the highest common factor of 134786 and 80424678?
7094
What is the highest common factor of 111115903 and 131?
131
What is the greatest